2
What is the units digit of 77521?
1
What is the hundreds digit of 1487?
4
What is the hundreds digit of 1400?
4
What is the units digit of 3386?
6
What is the hundreds digit of 63009?
0
What is the units digit of 11641?
1
What is the hundreds digit of 568?
5
What is the tens digit of 2625?
2
What is the hundreds digit of 1082?
0
What is the hundreds digit of 770?
7
What is the units digit of 505?
5
What is the units digit of 48418?
8
What is the hundreds digit of 4310?
3
What is the ten thousands digit of 21853?
2
What is the units digit of 67861?
1
What is the ten thousands digit of 11059?
1
What is the units digit of 41?
1
What is the units digit of 27430?
0
What is the tens digit of 101918?
1
What is the ten thousands digit of 24709?
2
What is the units digit of 1419?
9
What is the tens digit of 1138?
3
What is the hundreds digit of 15678?
6
What is the thousands digit of 6749?
6
What is the units digit of 5911?
1
What is the units digit of 27828?
8
What is the hundreds digit of 1585?
5
What is the units digit of 1782?
2
What is the units digit of 119417?
7
What is the thousands digit of 18329?
8
What is the hundreds digit of 3824?
8
What is the hundreds digit of 266?
2
What is the tens digit of 13899?
9
What is the hundreds digit of 29189?
1
What is the units digit of 4156?
6
What is the tens digit of 722?
2
What is the hundreds digit of 48777?
7
What is the units digit of 61?
1
What is the hundreds digit of 2546?
5
What is the thousands digit of 1221?
1
What is the tens digit of 162342?
4
What is the units digit of 14343?
3
What is the units digit of 61127?
7
What is the units digit of 49283?
3
What is the thousands digit of 1163?
1
What is the thousands digit of 2052?
2
What is the units digit of 2699?
9
What is the hundreds digit of 2519?
5
What is the hundreds digit of 12766?
7
What is the units digit of 1336?
6
What is the units digit of 105?
5
What is the hundreds digit of 1050?
0
What is the tens digit of 42499?
9
What is the tens digit of 844?
4
What is the ten thousands digit of 21928?
2
What is the tens digit of 85165?
6
What is the hundreds digit of 3162?
1
What is the tens digit of 3990?
9
What is the thousands digit of 19945?
9
What is the hundreds digit of 11850?
8
What is the hundred thousands digit of 123007?
1
What is the tens digit of 79428?
2
What is the thousands digit of 5740?
5
What is the units digit of 681?
1
What is the units digit of 29353?
3
What is the hundreds digit of 94322?
3
What is the ten thousands digit of 10031?
1
What is the units digit of 2487?
7
What is the units digit of 2244?
4
What is the tens digit of 2710?
1
What is the ten thousands digit of 55885?
5
What is the ten thousands digit of 61676?
6
What is the tens digit of 950?
5
What is the units digit of 8268?
8
What is the tens digit of 40201?
0
What is the hundreds digit of 34792?
7
What is the thousands digit of 17079?
7
What is the hundreds digit of 294?
2
What is the thousands digit of 22915?
2
What is the thousands digit of 4439?
4
What is the units digit of 14416?
6
What is the thousands digit of 4137?
4
What is the hundreds digit of 4460?
4
What is the tens digit of 1504?
0
What is the hundreds digit of 80918?
9
What is the ten thousands digit of 40124?
4
What is the tens digit of 666?
6
What is the thousands digit of 42229?
2
What is the hundreds digit of 22477?
4
What is the hundreds digit of 1677?
6
What is the thousands digit of 38965?
8
What is the units digit of 2206?
6
What is the thousands digit of 10602?
0
What is the thousands digit of 9629?
9
What is the units digit of 954?
4
What is the units digit of 2528?
8
What is the hundreds digit of 54432?
4
What is the hundreds digit of 4021?
0
What is the units digit of 3885?
5
What is the ten thousands digit of 31981?
3
What is the tens digit of 1630?
3
What is the units digit of 351?
1
What is the tens digit of 342?
4
What is the units digit of 862?
2
What is the hundreds digit of 9843?
8
What is the units digit of 641?
1
What is the hundreds digit of 19419?
4
What is the ten thousands digit of 52818?
5
What is the ten thousands digit of 67903?
6
What is the tens digit of 7606?
0
What is the units digit of 2684?
4
What is the units digit of 1041?
1
What is the hundreds digit of 23164?
1
What is the thousands digit of 7615?
7
What is the ten thousands digit of 30389?
3
What is the hundreds digit of 741?
7
What is the ten thousands digit of 71078?
7
What is the ten thousands digit of 12289?
1
What is the ten thousands digit of 19362?
1
What is the units digit of 11715?
5
What is the hundreds digit of 39718?
7
What is the hundreds digit of 8889?
8
What is the hundreds digit of 2291?
2
What is the hundreds digit of 3246?
2
What is the hundreds digit of 75819?
8
What is the thousands digit of 2501?
2
What is the thousands digit of 26129?
6
What is the hundreds digit of 1874?
8
What is the units digit of 2351?
1
What is the hundreds digit of 4583?
5
What is the units digit of 261?
1
What is the tens digit of 81498?
9
What is the tens digit of 1032?
3
What is the units digit of 3076?
6
What is the ten thousands digit of 65962?
6
What is the tens digit of 948?
4
What is the tens digit of 577?
7
What is the tens digit of 535?
3
What is the thousands digit of 33887?
3
What is the hundreds digit of 2943?
9
What is the thousands digit of 7260?
7
What is the thousands digit of 7680?
7
What is the tens digit of 203?
0
What is the units digit of 58895?
5
What is the units digit of 30036?
6
What is the units digit of 15909?
9
What is the units digit of 9519?
9
What is the thousands digit of 13436?
3
What is the hundreds digit of 56270?
2
What is the tens digit of 390?
9
What is the hundreds digit of 3214?
2
What is the hundreds digit of 52646?
6
What is the thousands digit of 41725?
1
What is the thousands digit of 12820?
2
What is the thousands digit of 6619?
6
What is the ten thousands digit of 56208?
5
What is the hundreds digit of 4437?
4
What is the hundreds digit of 1737?
7
What is the tens digit of 593?
9
What is the tens digit of 20619?
1
What is the tens digit of 163220?
2
What is the hundreds digit of 2632?
6
What is the tens digit of 20381?
8
What is the units digit of 2133?
3
What is the thousands digit of 2576?
2
What is the units digit of 1038?
8
What is the hundreds digit of 13447?
4
What is the units digit of 1949?
9
What is the tens digit of 765?
6
What is the thousands digit of 1374?
1
What is the hundreds digit of 3436?
4
What is the tens digit of 20880?
8
What is the tens digit of 97222?
2
What is the hundred thousands digit of 195972?
1
What is the ten thousands digit of 31833?
3
What is the thousands digit of 3127?
3
What is the units digit of 4156?
6
What is the hundreds digit of 2613?
6
What is the hundreds digit of 17960?
9
What is the units digit of 1290?
0
What is the units digit of 842?
2
What is the ten thousands digit of 72867?
7
What is the units digit of 531?
1
What is the thousands digit of 9615?
9
What is the hundreds digit of 3544?
5
What is the hundreds digit of 7493?
4
What is the hundreds digit of 7362?
3
What is the tens digit of 33370?
7
What is the tens digit of 10?
1
What is the tens digit of 1893?
9
What is the hundreds digit of 2884?
8
What is the hundreds digit of 1841?
8
What is the units digit of 1779?
9
What is the tens digit of 2941?
4
What is the tens digit of 139?
3
What is the tens digit of 2109?
0
What is the units digit of 105?
5
What is the units digit of 801?
1
What is the tens digit of 78220?
2
What is the tens digit of 14?
1
What is the ten thousands digit of 113933?
1
What is the units digit of 315?
5
What is the units digit of 1011?
1
What is the thousands digit of 7882?
7
What is the tens digit of 9250?
5
What is the tens digit of 6870?
7
What is the units digit of 4916?
6
What is the units digit of 4536?
6
What is the hundreds digit of 1044?
0
What is the tens digit of 76771?
7
What is the hundred thousands digit of 103126?
1
What is the thousands digit of 2174?
2
What is the tens digit of 1432?
3
What is the hundreds digit of 21067?
0
What is the thousands digit of 131157?
1
What is the hundreds digit of 20637?
6
What is the tens digit of 1553?
5
What is the hundreds digit of 35211?
2
What is the units digit of 22621?
1
What is the